32?
-21113213
In base 11, what is -607aaa + 32?
-607a78
In base 9, what is 1361403576 + -4?
1361403572
In base 5, what is -20302310223 + -3?
-20302310231
In base 2, what is 100 - -1100101000100101101?
1100101000100110001
In base 3, what is -22221212110120221 + 0?
-22221212110120221
In base 9, what is -51205646 + 0?
-51205646
In base 16, what is 9 + 386f6d?
386f76
In base 10, what is -85962 + 6633?
-79329
In base 4, what is 2112 - 2023132031?
-2023123313
In base 5, what is -44314221021 + 3?
-44314221013
In base 3, what is -20101111 + 11000110?
-2101001
In base 11, what is 0 + -aa9579a2?
-aa9579a2
In base 11, what is -745a - -5?
-7455
In base 7, what is 6451503346 - 3?
6451503343
In base 15, what is 5 - -3382153?
3382158
In base 15, what is -1945 - -11ad?
-787
In base 7, what is 16 - 2432610444?
-2432610425
In base 8, what is 515775 - -1361?
517356
In base 15, what is ed45 - 12a?
ec1a
In base 9, what is 546514 + -187?
546316
In base 9, what is -70 - -216267?
216187
In base 14, what is -2c4 + -a50b?
-a7d1
In base 11, what is -2410150a + -1?
-24101510
In base 4, what is -1 - -2020210001?
2020210000
In base 14, what is 51a5 - -26d?
5434
In base 14, what is -a2d8249 + 3?
-a2d8246
In base 2, what is -111101100001010010010 + 10000?
-111101100001010000010
In base 14, what is 2600a71 - 1?
2600a70
In base 7, what is -1365656402 - 0?
-1365656402
In base 13, what is 126 - 45937?
-45811
In base 8, what is -13067 - 106?
-13175
In base 16, what is 2cb2a2 - -4?
2cb2a6
In base 3, what is -2001001212100 + 1220?
-2001001210110
In base 9, what is 360 + 11583?
12053
In base 4, what is 1301 + 2201113202?
2201121103
In base 12, what is 1 - -1a984403?
1a984404
In base 11, what is -84111 - -108?
-84004
In base 15, what is -7a3 - -11590?
10cdc
In base 10, what is -1284061 + -546?
-1284607
In base 12, what is -1544 - 107a5?
-12129
In base 11, what is 5180 - 33821?
-29651
In base 4, what is -321200210132 - 13?
-321200210211
In base 13, what is 553126 - -4?
55312a
In base 8, what is 21035631 - -2?
21035633
In base 2, what is -11010010110 + -110000111011?
-1001011010001
In base 16, what is -5e0e83 + -c?
-5e0e8f
In base 7, what is 103 - -101353?
101456
In base 9, what is 25 + 1026386?
1026422
In base 6, what is 0 - 54300255?
-54300255
In base 4, what is 3 + -113213203221?
-113213203212
In base 12, what is -b717609 - -5?
-b717604
In base 14, what is -22605 + 58?
-2258b
In base 7, what is -3 - -1646545052?
1646545046
In base 16, what is -1c3 - -24308?
24145
In base 11, what is 385 - 2a614?
-2a23a
In base 15, what is -32a3 - 2cbd?
-6071
In base 5, what is 11424 - 332140?
-320211
In base 8, what is -144 - -2133361?
2133215
In base 10, what is -6 + 1980577?
1980571
In base 11, what is 136a955 - -5?
136a95a
In base 5, what is -1 + -1033300001?
-1033300002
In base 3, what is 1120012222012201 + 10?
1120012222012211
In base 13, what is -247553c - 1?
-2475540
In base 2, what is 10100000010101 - -1100100000000?
100000100010101
In base 2, what is -11010000000000 - 1010100111?
-11011010100111
In base 10, what is 2296050 - 1?
2296049
In base 14, what is -3 - -184974a3?
184974a0
In base 2, what is -100 - -1011001110100001100?
1011001110100001000
In base 14, what is -54d3 - -bd1d?
682a
In base 4, what is 2031 - 32332022121?
-32332020030
In base 2, what is 110000111 + -10001101111011001?
-10001101001010010
In base 9, what is -2771 + 452534?
448653
In base 4, what is 10 + 10233233121001?
10233233121011
In base 10, what is -1012 - -78354?
77342
In base 12, what is 1381b - -55?
13874
In base 14, what is -14 + 2c7bcbc?
2c7bca8
In base 16, what is -133 - 2afdf?
-2b112
In base 9, what is -2056774 + 26?
-2056747
In base 6, what is 2455043022 + -25?
2455042553
In base 2, what is 10100011000101001111001101 + -11?
10100011000101001111001010
In base 8, what is -676104366 + 3?
-676104363
In base 12, what is 1886812 - 4?
188680a
In base 5, what is 10 - -1410201103?
1410201113
In base 8, what is -12050 + 744646?
732576
In base 3, what is 200 - -1000022012012012?
1000022012012212
In base 8, what is 6652604 - -12?
6652616
In base 13, what is -b53c - -4980?
-688c
In base 3, what is 2022222222012 - 11?
2022222222001
In base 6, what is 114011151 - 2?
114011145
In base 16, what is 0 + 37720b?
37720b
In base 6, what is -204053505404 - 1?
-204053505405
In base 11, what is 355788 + 104?
355891
In base 15, what is 15d3 + -d8?
14ea
In base 11, what is 8a456 - 47?
8a40a
In base 3, what is -202120100121222010 - -10?
-202120100121222000
In base 15, what is -9c + 17a9a?
179ed
In base 13, what is 2a0 + c85?
1255
In base 5, what is 303 - -230301202?
230302010
In base 12, what is -2b18 + 1427?
-16b1
In base 11, what is 332 - 1946a?
-19138
In base 14, what is -4 - 322c161?
-322c165
In base 6, what is -354 - 1541154?
-1541552
In base 3, what is -21202200 - 201210102?
-1000120002
In base 10, what is -51423997 - 3?
-51424000
In base 5, what is 122 - -10021300?
10021422
In base 12, what is 4 - 4a286762?
-4a28675a
In base 4, what is -11 - -1313111131231?
1313111131220
In base 15, what is bad446 - -5?
bad44b
In base 3, what is -212222102010102222 + -10?
-212222102010110002
In base 3, what is -1001100001 - 122112221?
-1200212222
In base 14, what is 2 - -2706133?
2706135
In base 6, what is -2 - 25534032340?
-25534032342
In base 13, what is 61a4 - -9b?
6272
In base 10, what is 3 - 169519?
-169516
In base 4, what is 12221 - -23003110302?
23003123123
In base 14, what is -621a9db + 1?
-621a9da
In base 11, what is 198867579 - -5?
198867583
In base 2, what is 1000111111100111001000010 - -110?
1000111111100111001001000
In base 15, what is 40036ed - 1?
40036ec
In base 4, what is 113120 - 12003323?
-11230203
In base 4, what is 3 + 1012001103102?
1012001103111
In base 12, what is -1 + -560918b?
-5609190
In base 3, what is 21221120210101 + -110120?
21221120022211
In base 3, what is 1 - 11211210022121?
-11211210022120
In base 5, what is -3043332 - -2143121?
-400211
In base 11, what is -1467499 + -3?
-14674a1
In base 5, what is 10 + -24311040332?
-24311040322
In base 7, what is 56643 - 306?
56334
In base 12, what is -1a96a + 68?
-1a902
In base 13, what is -21650309 + -2?
-2165030b
In base 14, what is 2c8 + 30a3?
338b
In base 10, what is -217292 - 6?
-217298
In base 10, what is 2538598 + -2?
2538596
In base 4, what is -21301 + -201022?
-222323
In base 14, what is 4151c6 - 2?
4151c4
In base 12, what is 85806b88 - -4?
85806b90
In base 10, what is 40821 + 1329?
42150
In base 9, what is 73644 - 1163?
72471
In base 10, what is 912872 - -387?
913259
In base 11, what is 9a280399 - 0?
9a280399
In base 7, what is 12 + 11326002?
11326014
In base 9, what is 61618022 + 18?
61618041
In base 6, what is 52505430141 - 4?
52505430133
In base 3, what is -2211201211000 - -12?
-2211201210211
In base 16, what is -a5 + 12ec9?
12e24
In base 7, what is 0 + -2546353?
-2546353
In base 11, what is 473583 - 1?
473582
In base 3, what is 2 + -112221220011020110?
-112221220011020101
In base 5, what is -1121413 + 4233?
-1112130
In base 11, what is 10885a + 5?
108864
In base 12, what is -4 - 158470b?
-1584713
In base 13, what is -43 - -9961b2?
99616c
In base 9, what is 10548 + 6100?
16648
In base 6, what is 401520412 + 1?
401520413
In base 11, what is -27 + 240a99a?
240a973
In base 9, what is -6118704 - -52?
-6118642
In base 2, what is 1011111101100010000 + -11101?
1011111101011110011
In base 15, what is a8b4 - -87?
a94b
In base 11, what is -3 + 18a85164?
18a85161
In base 6, what is 54332 + 1005553?
1104325
In base 10, what is 8 - 4929769?
-4929761
In base 16, what is 121b + -1958?
-73d
In base 4, what is 1 + -103102213030?
-103102213023
In base 8, what is 406 - -130161?
130567
In base 10, what is -649 - -20341?
19692
In base 2, what is 11100010000101101100011 + 1?
11100010000101101100100
In base 10, what is -1743 - -34880?
33137
In base 9, what is -88085817 - 3?
-88085821
In base 10, what is 1231227 + -8?
1231219
In base 11, what is 1 - 288a8173?
-288a8172
In base 5, what is 10 + -23310111341?
-23310111331
In base 3, what is -12000112200101 + -212?
-12000112201020
In base 14, what is -4 + 1702a229?
1702a225
In base 14, what is 156d - -b02?
2271
In base 15, what is -137 - -62e6?
61ae
In base 13, what is 26 + -33a9c62?
-33a9c39
In base 2, what is 111010111101001111100100100